0291505?
5
What is the ten thousands digit of 1974719143?
1
What is the thousands digit of 55828006?
8
What is the hundred thousands digit of 8249426?
2
What is the tens digit of 128205760?
6
What is the millions digit of 22435299?
2
What is the hundred thousands digit of 960930?
9
What is the ten thousands digit of 826176953?
7
What is the ten thousands digit of 859576402?
7
What is the ten millions digit of 156536568?
5
What is the tens digit of 741764259?
5
What is the thousands digit of 296191799?
1
What is the hundreds digit of 99564271?
2
What is the thousands digit of 380216888?
6
What is the hundred thousands digit of 1183554926?
5
What is the units digit of 34009715?
5
What is the millions digit of 35141364?
5
What is the hundred thousands digit of 26284423?
2
What is the thousands digit of 83629219?
9
What is the ten millions digit of 281267299?
8
What is the hundreds digit of 125221613?
6
What is the thousands digit of 37306?
7
What is the ten thousands digit of 2039064124?
6
What is the tens digit of 381765566?
6
What is the hundred thousands digit of 940943421?
9
What is the tens digit of 2769020660?
6
What is the units digit of 66161297?
7
What is the units digit of 45940534?
4
What is the hundred millions digit of 3173500746?
1
What is the ten millions digit of 82264988?
8
What is the ten millions digit of 66487495?
6
What is the thousands digit of 3196924853?
4
What is the hundred millions digit of 570952948?
5
What is the hundred thousands digit of 288939075?
9
What is the hundred thousands digit of 49648285?
6
What is the millions digit of 321161530?
1
What is the millions digit of 207976041?
7
What is the thousands digit of 97304136?
4
What is the hundred thousands digit of 758150902?
1
What is the hundreds digit of 2823775049?
0
What is the millions digit of 143916213?
3
What is the hundred thousands digit of 28723810?
7
What is the units digit of 11102799?
9
What is the ten millions digit of 158441611?
5
What is the ten thousands digit of 948483636?
8
What is the ten millions digit of 48657839?
4
What is the hundreds digit of 1497872002?
0
What is the units digit of 11889968?
8
What is the units digit of 116392871?
1
What is the hundred thousands digit of 2496082497?
0
What is the ten thousands digit of 368975191?
7
What is the thousands digit of 2044073957?
3
What is the hundred thousands digit of 995451378?
4
What is the billions digit of 1612385744?
1
What is the hundred thousands digit of 57897698?
8
What is the billions digit of 2930733168?
2
What is the ten thousands digit of 145523511?
2
What is the units digit of 4319852865?
5
What is the ten millions digit of 143024476?
4
What is the tens digit of 879691363?
6
What is the hundreds digit of 5950310522?
5
What is the millions digit of 200851987?
0
What is the ten thousands digit of 644362595?
6
What is the tens digit of 490096179?
7
What is the thousands digit of 1844226867?
6
What is the hundred thousands digit of 527589775?
5
What is the hundred thousands digit of 568864848?
8
What is the ten thousands digit of 12540753?
4
What is the billions digit of 3968499625?
3
What is the hundreds digit of 3267271380?
3
What is the hundred thousands digit of 123903218?
9
What is the millions digit of 3289368377?
9
What is the hundred thousands digit of 1783922762?
9
What is the ten thousands digit of 7199011?
9
What is the hundred thousands digit of 815857710?
8
What is the ten millions digit of 290112140?
9
What is the hundred thousands digit of 764924936?
9
What is the units digit of 11848402?
2
What is the thousands digit of 1126614630?
4
What is the hundred millions digit of 1930276884?
9
What is the units digit of 17326072?
2
What is the tens digit of 3125099876?
7
What is the units digit of 1012326355?
5
What is the thousands digit of 24798503?
8
What is the ten millions digit of 21557878?
2
What is the millions digit of 183768154?
3
What is the hundred thousands digit of 11980762?
9
What is the hundred thousands digit of 78992004?
9
What is the tens digit of 49442911?
1
What is the hundred thousands digit of 4971339508?
3
What is the tens digit of 42823755?
5
What is the ten millions digit of 2915386701?
1
What is the millions digit of 44806894?
4
What is the ten millions digit of 133943785?
3
What is the hundreds digit of 214410083?
0
What is the hundred thousands digit of 29545553?
5
What is the units digit of 81559768?
8
What is the thousands digit of 539380519?
0
What is the hundred thousands digit of 521735677?
7
What is the millions digit of 2680957372?
0
What is the thousands digit of 162715164?
5
What is the hundreds digit of 4290101?
1
What is the millions digit of 303544892?
3
What is the hundred thousands digit of 4861286429?
2
What is the hundreds digit of 103707244?
2
What is the hundreds digit of 111503541?
5
What is the ten thousands digit of 1807878159?
7
What is the hundreds digit of 8893894?
8
What is the hundred thousands digit of 581480199?
4
What is the tens digit of 200286715?
1
What is the hundreds digit of 2516691?
6
What is the hundred thousands digit of 2596650110?
6
What is the tens digit of 186465677?
7
What is the ten thousands digit of 105303095?
0
What is the units digit of 80251884?
4
What is the millions digit of 65212591?
5
What is the hundred thousands digit of 2663950450?
9
What is the thousands digit of 23999363?
9
What is the tens digit of 311015539?
3
What is the millions digit of 41995394?
1
What is the ten thousands digit of 282573278?
7
What is the units digit of 253411401?
1
What is the thousands digit of 6120427174?
7
What is the ten millions digit of 395885802?
9
What is the hundred thousands digit of 30426590?
4
What is the hundred millions digit of 1592361356?
5
What is the millions digit of 4101679314?
1
What is the ten millions digit of 330303709?
3
What is the hundred millions digit of 1375867376?
3
What is the units digit of 44968852?
2
What is the units digit of 839247060?
0
What is the millions digit of 4936948687?
6
What is the tens digit of 38274692?
9
What is the ten millions digit of 93324472?
9
What is the millions digit of 4523283488?
3
What is the tens digit of 277412340?
4
What is the millions digit of 394094049?
4
What is the hundreds digit of 3369273896?
8
What is the tens digit of 75384563?
6
What is the hundreds digit of 6072445216?
2
What is the units digit of 124434473?
3
What is the ten thousands digit of 145521197?
2
What is the ten thousands digit of 43337150?
3
What is the ten thousands digit of 44169586?
6
What is the units digit of 12357718?
8
What is the hundred thousands digit of 1702029410?
0
What is the thousands digit of 1292747095?
7
What is the units digit of 307635902?
2
What is the hundreds digit of 21692549?
5
What is the millions digit of 60609230?
0
What is the tens digit of 307726768?
6
What is the ten thousands digit of 547612345?
1
What is the ten millions digit of 56238252?
5
What is the thousands digit of 330236792?
6
What is the tens digit of 51955325?
2
What is the tens digit of 7934419?
1
What is the thousands digit of 19339692?
9
What is the thousands digit of 2739125357?
5
What is the hundred thousands digit of 1147031043?
0
What is the hundreds digit of 319276400?
4
What is the hundreds digit of 397719745?
7
What is the ten thousands digit of 917582589?
8
What is the hundred thousands digit of 29463977?
4
What is the ten millions digit of 113116562?
1
What is the millions digit of 37787494?
7
What is the hundred thousands digit of 79546319?
5
What is the tens digit of 125901580?
8
What is the thousands digit of 104200192?
0
What is the tens digit of 53823624?
2
What is the ten thousands digit of 33652712?
5
What is the tens digit of 260519824?
2
What is the hundred millions digit of 957445583?
9
What is the hundred thousands digit of 74878320?
8
What is the ten thousands digit of 533947644?
4
What is the billions digit of 3020380239?
3
What is the millions digit of 165279576?
5
What is the hundreds digit of 51736156?
1
What is the hundreds digit of 198623974?
9
What is the units digit of 810400620?
0
What is the hundred thousands digit of 339853252?
8
What is the units digit of 381526957?
7
What is the ten millions digit of 1666427584?
6
What is the hundreds digit of 3